{"id":5439,"date":"2024-05-08T03:36:33","date_gmt":"2024-05-08T03:36:33","guid":{"rendered":"https:\/\/demoapus2.com\/upskill\/?page_id=50"},"modified":"2025-11-15T07:01:02","modified_gmt":"2025-11-15T07:01:02","slug":"faqs","status":"publish","type":"page","link":"https:\/\/educavel.com\/ebooks\/faqs\/","title":{"rendered":"FAQs"},"content":{"rendered":"\t\t<div data-elementor-type=\"wp-page\" data-elementor-id=\"5439\" class=\"elementor elementor-5439\" data-elementor-post-type=\"page\">\n\t\t\t\t<div class=\"elementor-element elementor-element-151c435 e-flex e-con-boxed e-con e-parent\" data-id=\"151c435\" data-element_type=\"container\" data-e-type=\"container\" data-settings=\"{&quot;background_background&quot;:&quot;classic&quot;}\">\n\t\t\t\t\t<div class=\"e-con-inner\">\n\t\t<div class=\"elementor-element elementor-element-70401ea e-con-full e-flex elementor-invisible e-con e-child\" data-id=\"70401ea\" data-element_type=\"container\" data-e-type=\"container\" data-settings=\"{&quot;animation&quot;:&quot;slide-up&quot;}\">\n\t\t\t\t<div class=\"elementor-element elementor-element-a760ed8 elementor-widget elementor-widget-heading\" data-id=\"a760ed8\" data-element_type=\"widget\" data-e-type=\"widget\" data-widget_type=\"heading.default\">\n\t\t\t\t\t<h2 class=\"elementor-heading-title elementor-size-default\">Infoprodutor<\/h2>\t\t\t\t<\/div>\n\t\t\t\t<div class=\"elementor-element elementor-element-4fd1b33 elementor-widget elementor-widget-text-editor\" data-id=\"4fd1b33\" data-element_type=\"widget\" data-e-type=\"widget\" data-widget_type=\"text-editor.default\">\n\t\t\t\t\t\t\t\t\t<p>Tudo que precisas saber para fazer parte da educ\u00e1vel como infoprodutor<\/p>\t\t\t\t\t\t\t\t<\/div>\n\t\t\t\t<\/div>\n\t\t\t\t\t<\/div>\n\t\t\t\t<\/div>\n\t\t<div class=\"elementor-element elementor-element-e0d268b e-flex e-con-boxed e-con e-parent\" data-id=\"e0d268b\" data-element_type=\"container\" data-e-type=\"container\">\n\t\t\t\t\t<div class=\"e-con-inner\">\n\t\t<div class=\"elementor-element elementor-element-55c117e e-con-full e-flex elementor-invisible e-con e-child\" data-id=\"55c117e\" data-element_type=\"container\" data-e-type=\"container\" data-settings=\"{&quot;animation&quot;:&quot;slide-up&quot;}\">\n\t\t\t\t<div class=\"elementor-element elementor-element-8e7d08d style_theme elementor-widget elementor-widget-accordion\" data-id=\"8e7d08d\" data-element_type=\"widget\" data-e-type=\"widget\" data-widget_type=\"accordion.default\">\n\t\t\t\t\t\t\t<div class=\"elementor-accordion\">\n\t\t\t\t\t\t\t<div class=\"elementor-accordion-item\">\n\t\t\t\t\t<div id=\"elementor-tab-title-1491\" class=\"elementor-tab-title\" data-tab=\"1\" role=\"button\" aria-controls=\"elementor-tab-content-1491\" aria-expanded=\"false\">\n\t\t\t\t\t\t\t\t\t\t\t\t\t<span class=\"elementor-accordion-icon elementor-accordion-icon-right\" aria-hidden=\"true\">\n\t\t\t\t\t\t\t\t\t\t\t\t\t\t\t<span class=\"elementor-accordion-icon-closed\"><i class=\"fas fa-chevron-down\"><\/i><\/span>\n\t\t\t\t\t\t\t\t<span class=\"elementor-accordion-icon-opened\"><i class=\"fas fa-chevron-up\"><\/i><\/span>\n\t\t\t\t\t\t\t\t\t\t\t\t\t\t<\/span>\n\t\t\t\t\t\t\t\t\t\t\t\t<a class=\"elementor-accordion-title\" tabindex=\"0\">Conta Infoprodutor?<\/a>\n\t\t\t\t\t<\/div>\n\t\t\t\t\t<div id=\"elementor-tab-content-1491\" class=\"elementor-tab-content elementor-clearfix\" data-tab=\"1\" role=\"region\" aria-labelledby=\"elementor-tab-title-1491\"><p>Para criar conta infoprodutor \u00e9 muito simples basta entrar neste link <a href=\"https:\/\/educavel.com\/ebooks\/conta\/\">https:\/\/educavel.com\/ebooks\/conta\/<\/a> preencher os teus dados depois escolher a op\u00e7\u00e3o <strong>Eu sou um infoprodutor <\/strong>depois clica em cadastrar. a tua conta automaticamente fica pronta pra come\u00e7ar a vender.<\/p><\/div>\n\t\t\t\t<\/div>\n\t\t\t\t\t\t\t<div class=\"elementor-accordion-item\">\n\t\t\t\t\t<div id=\"elementor-tab-title-1492\" class=\"elementor-tab-title\" data-tab=\"2\" role=\"button\" aria-controls=\"elementor-tab-content-1492\" aria-expanded=\"false\">\n\t\t\t\t\t\t\t\t\t\t\t\t\t<span class=\"elementor-accordion-icon elementor-accordion-icon-right\" aria-hidden=\"true\">\n\t\t\t\t\t\t\t\t\t\t\t\t\t\t\t<span class=\"elementor-accordion-icon-closed\"><i class=\"fas fa-chevron-down\"><\/i><\/span>\n\t\t\t\t\t\t\t\t<span class=\"elementor-accordion-icon-opened\"><i class=\"fas fa-chevron-up\"><\/i><\/span>\n\t\t\t\t\t\t\t\t\t\t\t\t\t\t<\/span>\n\t\t\t\t\t\t\t\t\t\t\t\t<a class=\"elementor-accordion-title\" tabindex=\"0\">Fazem reembolso?<\/a>\n\t\t\t\t\t<\/div>\n\t\t\t\t\t<div id=\"elementor-tab-content-1492\" class=\"elementor-tab-content elementor-clearfix\" data-tab=\"2\" role=\"region\" aria-labelledby=\"elementor-tab-title-1492\"><p>Se n\u00e3o estiveres satisfeito com o curso no limite de 48horas ap\u00f3s a compra podemos submeter um pedido de reembolso. O reembolso \u00e9 valido apenas para casos que ainda n\u00e3o tenhas assistido mais de 1 aula ou 10% do conte\u00fado do curso.\u00a0<\/p><\/div>\n\t\t\t\t<\/div>\n\t\t\t\t\t\t\t<div class=\"elementor-accordion-item\">\n\t\t\t\t\t<div id=\"elementor-tab-title-1493\" class=\"elementor-tab-title\" data-tab=\"3\" role=\"button\" aria-controls=\"elementor-tab-content-1493\" aria-expanded=\"false\">\n\t\t\t\t\t\t\t\t\t\t\t\t\t<span class=\"elementor-accordion-icon elementor-accordion-icon-right\" aria-hidden=\"true\">\n\t\t\t\t\t\t\t\t\t\t\t\t\t\t\t<span class=\"elementor-accordion-icon-closed\"><i class=\"fas fa-chevron-down\"><\/i><\/span>\n\t\t\t\t\t\t\t\t<span class=\"elementor-accordion-icon-opened\"><i class=\"fas fa-chevron-up\"><\/i><\/span>\n\t\t\t\t\t\t\t\t\t\t\t\t\t\t<\/span>\n\t\t\t\t\t\t\t\t\t\t\t\t<a class=\"elementor-accordion-title\" tabindex=\"0\">Comprar com M-Pesa \u00e9 seguro?<\/a>\n\t\t\t\t\t<\/div>\n\t\t\t\t\t<div id=\"elementor-tab-content-1493\" class=\"elementor-tab-content elementor-clearfix\" data-tab=\"3\" role=\"region\" aria-labelledby=\"elementor-tab-title-1493\"><p>Comprar com m-pesa de forma autom\u00e1tica na nossa plataforma \u00e9 seguro e simples. Sem correr risco de falhar o destinat\u00e1rio ou pagar um valor acima do esperado e facilita o processo do reembolso se necess\u00e1rio.<\/p><\/div>\n\t\t\t\t<\/div>\n\t\t\t\t\t\t\t<div class=\"elementor-accordion-item\">\n\t\t\t\t\t<div id=\"elementor-tab-title-1494\" class=\"elementor-tab-title\" data-tab=\"4\" role=\"button\" aria-controls=\"elementor-tab-content-1494\" aria-expanded=\"false\">\n\t\t\t\t\t\t\t\t\t\t\t\t\t<span class=\"elementor-accordion-icon elementor-accordion-icon-right\" aria-hidden=\"true\">\n\t\t\t\t\t\t\t\t\t\t\t\t\t\t\t<span class=\"elementor-accordion-icon-closed\"><i class=\"fas fa-chevron-down\"><\/i><\/span>\n\t\t\t\t\t\t\t\t<span class=\"elementor-accordion-icon-opened\"><i class=\"fas fa-chevron-up\"><\/i><\/span>\n\t\t\t\t\t\t\t\t\t\t\t\t\t\t<\/span>\n\t\t\t\t\t\t\t\t\t\t\t\t<a class=\"elementor-accordion-title\" tabindex=\"0\">Reembolsam ebooks?<\/a>\n\t\t\t\t\t<\/div>\n\t\t\t\t\t<div id=\"elementor-tab-content-1494\" class=\"elementor-tab-content elementor-clearfix\" data-tab=\"4\" role=\"region\" aria-labelledby=\"elementor-tab-title-1494\"><p>Para os livros electr\u00f3nicos infelizmente n\u00e3o fazemos reembolso mas garantimos que o conte\u00fado prometido numa certa obra \u00e9 legitimo.<\/p><\/div>\n\t\t\t\t<\/div>\n\t\t\t\t\t\t\t\t<\/div>\n\t\t\t\t\t\t<\/div>\n\t\t\t\t<\/div>\n\t\t\t\t\t<\/div>\n\t\t\t\t<\/div>\n\t\t<div class=\"elementor-element elementor-element-94692ae e-flex e-con-boxed e-con e-parent\" data-id=\"94692ae\" data-element_type=\"container\" data-e-type=\"container\" data-settings=\"{&quot;background_background&quot;:&quot;classic&quot;}\">\n\t\t\t\t\t<div class=\"e-con-inner\">\n\t\t<div class=\"elementor-element elementor-element-6343bdd e-con-full e-flex elementor-invisible e-con e-child\" data-id=\"6343bdd\" data-element_type=\"container\" data-e-type=\"container\" data-settings=\"{&quot;animation&quot;:&quot;slide-up&quot;}\">\n\t\t\t\t<div class=\"elementor-element elementor-element-61d3ad2 elementor-widget elementor-widget-heading\" data-id=\"61d3ad2\" data-element_type=\"widget\" data-e-type=\"widget\" data-widget_type=\"heading.default\">\n\t\t\t\t\t<h2 class=\"elementor-heading-title elementor-size-default\">Criar, publicar e Vender<\/h2>\t\t\t\t<\/div>\n\t\t\t\t<div class=\"elementor-element elementor-element-4e21a29 elementor-widget elementor-widget-text-editor\" data-id=\"4e21a29\" data-element_type=\"widget\" data-e-type=\"widget\" data-widget_type=\"text-editor.default\">\n\t\t\t\t\t\t\t\t\t<p>Aqui tens tudo que precisas saber para come\u00e7ar a faturar online.<\/p>\t\t\t\t\t\t\t\t<\/div>\n\t\t\t\t<\/div>\n\t\t\t\t\t<\/div>\n\t\t\t\t<\/div>\n\t\t<div class=\"elementor-element elementor-element-309cce8 e-flex e-con-boxed e-con e-parent\" data-id=\"309cce8\" data-element_type=\"container\" data-e-type=\"container\">\n\t\t\t\t\t<div class=\"e-con-inner\">\n\t\t<div class=\"elementor-element elementor-element-4a54116 e-con-full e-flex elementor-invisible e-con e-child\" data-id=\"4a54116\" data-element_type=\"container\" data-e-type=\"container\" data-settings=\"{&quot;animation&quot;:&quot;slide-up&quot;}\">\n\t\t\t\t<div class=\"elementor-element elementor-element-d1ed12d style_theme elementor-widget elementor-widget-accordion\" data-id=\"d1ed12d\" data-element_type=\"widget\" data-e-type=\"widget\" data-widget_type=\"accordion.default\">\n\t\t\t\t\t\t\t<div class=\"elementor-accordion\">\n\t\t\t\t\t\t\t<div class=\"elementor-accordion-item\">\n\t\t\t\t\t<div id=\"elementor-tab-title-2201\" class=\"elementor-tab-title\" data-tab=\"1\" role=\"button\" aria-controls=\"elementor-tab-content-2201\" aria-expanded=\"false\">\n\t\t\t\t\t\t\t\t\t\t\t\t\t<span class=\"elementor-accordion-icon elementor-accordion-icon-right\" aria-hidden=\"true\">\n\t\t\t\t\t\t\t\t\t\t\t\t\t\t\t<span class=\"elementor-accordion-icon-closed\"><i class=\"fas fa-chevron-down\"><\/i><\/span>\n\t\t\t\t\t\t\t\t<span class=\"elementor-accordion-icon-opened\"><i class=\"fas fa-chevron-up\"><\/i><\/span>\n\t\t\t\t\t\t\t\t\t\t\t\t\t\t<\/span>\n\t\t\t\t\t\t\t\t\t\t\t\t<a class=\"elementor-accordion-title\" tabindex=\"0\">Requisitos para publicar infoproduto<\/a>\n\t\t\t\t\t<\/div>\n\t\t\t\t\t<div id=\"elementor-tab-content-2201\" class=\"elementor-tab-content elementor-clearfix\" data-tab=\"1\" role=\"region\" aria-labelledby=\"elementor-tab-title-2201\"><ol><li><strong data-start=\"685\" data-end=\"704\">Ficheiro em PDF<\/strong> do eBook;<\/li><li><strong data-start=\"721\" data-end=\"729\">Capa<\/strong> no formato 1000x800px;<\/li><li>\u00a0<strong data-start=\"759\" data-end=\"769\">T\u00edtulo<\/strong> do eBook;<\/li><li>\u00a0<strong data-start=\"786\" data-end=\"803\">Nome do Autor<\/strong>;<\/li><li>\u00a0<strong data-start=\"811\" data-end=\"829\">Pre\u00e7o de venda;<\/strong><\/li><li>\u00a0<strong data-start=\"837\" data-end=\"856\">Descri\u00e7\u00e3o curta<\/strong> (m\u00e1ximo 30 palavras) com um resumo claro do conte\u00fado.<\/li><\/ol><\/div>\n\t\t\t\t<\/div>\n\t\t\t\t\t\t\t<div class=\"elementor-accordion-item\">\n\t\t\t\t\t<div id=\"elementor-tab-title-2202\" class=\"elementor-tab-title\" data-tab=\"2\" role=\"button\" aria-controls=\"elementor-tab-content-2202\" aria-expanded=\"false\">\n\t\t\t\t\t\t\t\t\t\t\t\t\t<span class=\"elementor-accordion-icon elementor-accordion-icon-right\" aria-hidden=\"true\">\n\t\t\t\t\t\t\t\t\t\t\t\t\t\t\t<span class=\"elementor-accordion-icon-closed\"><i class=\"fas fa-chevron-down\"><\/i><\/span>\n\t\t\t\t\t\t\t\t<span class=\"elementor-accordion-icon-opened\"><i class=\"fas fa-chevron-up\"><\/i><\/span>\n\t\t\t\t\t\t\t\t\t\t\t\t\t\t<\/span>\n\t\t\t\t\t\t\t\t\t\t\t\t<a class=\"elementor-accordion-title\" tabindex=\"0\">Comiss\u00e3o e Estrutura de Ganhos<\/a>\n\t\t\t\t\t<\/div>\n\t\t\t\t\t<div id=\"elementor-tab-content-2202\" class=\"elementor-tab-content elementor-clearfix\" data-tab=\"2\" role=\"region\" aria-labelledby=\"elementor-tab-title-2202\"><p data-start=\"1308\" data-end=\"1364\">Educ\u00e1vel utiliza um modelo de reparti\u00e7\u00e3o transparente:<\/p><ul data-start=\"1366\" data-end=\"1490\"><li data-start=\"1366\" data-end=\"1390\"><p data-start=\"1368\" data-end=\"1390\"><strong data-start=\"1368\" data-end=\"1388\">85% para o Autor<\/strong><\/p><\/li><li data-start=\"1391\" data-end=\"1490\"><p data-start=\"1393\" data-end=\"1490\"><strong data-start=\"1393\" data-end=\"1438\">15% para Educ\u00e1vel + 3% de taxas banc\u00e1rias<\/strong><br data-start=\"1438\" data-end=\"1441\" \/>Totalizando <strong>18% de taxa de servi\u00e7o<\/strong> por venda.<\/p><\/li><\/ul><p data-start=\"1492\" data-end=\"1597\">O valor que recebe j\u00e1 chega com toda a comiss\u00e3o subtra\u00edda, garantindo clareza total sobre os seus ganhos e os pagamentos s\u00e3o feitos 2 vezes por m\u00eas todo <strong>dia 15 e 30 de cada m\u00eas.<\/strong><\/p><\/div>\n\t\t\t\t<\/div>\n\t\t\t\t\t\t\t<div class=\"elementor-accordion-item\">\n\t\t\t\t\t<div id=\"elementor-tab-title-2203\" class=\"elementor-tab-title\" data-tab=\"3\" role=\"button\" aria-controls=\"elementor-tab-content-2203\" aria-expanded=\"false\">\n\t\t\t\t\t\t\t\t\t\t\t\t\t<span class=\"elementor-accordion-icon elementor-accordion-icon-right\" aria-hidden=\"true\">\n\t\t\t\t\t\t\t\t\t\t\t\t\t\t\t<span class=\"elementor-accordion-icon-closed\"><i class=\"fas fa-chevron-down\"><\/i><\/span>\n\t\t\t\t\t\t\t\t<span class=\"elementor-accordion-icon-opened\"><i class=\"fas fa-chevron-up\"><\/i><\/span>\n\t\t\t\t\t\t\t\t\t\t\t\t\t\t<\/span>\n\t\t\t\t\t\t\t\t\t\t\t\t<a class=\"elementor-accordion-title\" tabindex=\"0\">Pagamentos e Saques (Levantamentos)<\/a>\n\t\t\t\t\t<\/div>\n\t\t\t\t\t<div id=\"elementor-tab-content-2203\" class=\"elementor-tab-content elementor-clearfix\" data-tab=\"3\" role=\"region\" aria-labelledby=\"elementor-tab-title-2203\"><p data-start=\"1631\" data-end=\"1807\">Os saques podem ser feitos <strong data-start=\"1658\" data-end=\"1702\">diariamente, semanalmente ou mensalmente<\/strong>, dependendo apenas do volume de vendas.<br data-start=\"1742\" data-end=\"1745\" \/>\ud83d\udccc <em data-start=\"1748\" data-end=\"1807\">O valor m\u00ednimo para solicitar levantamento \u00e9 de 2.000 MT.<\/em><\/p><p data-start=\"1809\" data-end=\"1935\">Ao solicitar os pagamentos, envie tamb\u00e9m os seus <strong data-start=\"1858\" data-end=\"1877\">dados banc\u00e1rios<\/strong>, podendo incluir m\u00e9todos locais como <strong data-start=\"1915\" data-end=\"1934\">M-Pesa e E-mola<\/strong>.<\/p><\/div>\n\t\t\t\t<\/div>\n\t\t\t\t\t\t\t<div class=\"elementor-accordion-item\">\n\t\t\t\t\t<div id=\"elementor-tab-title-2204\" class=\"elementor-tab-title\" data-tab=\"4\" role=\"button\" aria-controls=\"elementor-tab-content-2204\" aria-expanded=\"false\">\n\t\t\t\t\t\t\t\t\t\t\t\t\t<span class=\"elementor-accordion-icon elementor-accordion-icon-right\" aria-hidden=\"true\">\n\t\t\t\t\t\t\t\t\t\t\t\t\t\t\t<span class=\"elementor-accordion-icon-closed\"><i class=\"fas fa-chevron-down\"><\/i><\/span>\n\t\t\t\t\t\t\t\t<span class=\"elementor-accordion-icon-opened\"><i class=\"fas fa-chevron-up\"><\/i><\/span>\n\t\t\t\t\t\t\t\t\t\t\t\t\t\t<\/span>\n\t\t\t\t\t\t\t\t\t\t\t\t<a class=\"elementor-accordion-title\" tabindex=\"0\">Transpar\u00eancia nas Vendas<\/a>\n\t\t\t\t\t<\/div>\n\t\t\t\t\t<div id=\"elementor-tab-content-2204\" class=\"elementor-tab-content elementor-clearfix\" data-tab=\"4\" role=\"region\" aria-labelledby=\"elementor-tab-title-2204\"><p data-start=\"1974\" data-end=\"2013\">A Educ\u00e1vel prioriza a clareza absoluta:<\/p><ul data-start=\"2015\" data-end=\"2353\"><li data-start=\"2015\" data-end=\"2124\"><p data-start=\"2017\" data-end=\"2124\">Basta visitar a p\u00e1gina do seu eBook na loja e verificar o n\u00famero de vendas exibido logo abaixo do t\u00edtulo. Al\u00e9m disso, <strong data-start=\"2139\" data-end=\"2179\">receber\u00e1 um e-mail a cada nova venda<\/strong>, contendo:<\/p><ul data-start=\"2193\" data-end=\"2353\"><li data-start=\"2193\" data-end=\"2212\"><p data-start=\"2195\" data-end=\"2212\">N\u00famero da venda<\/p><\/li><li data-start=\"2215\" data-end=\"2234\"><p data-start=\"2217\" data-end=\"2234\">Nome do cliente<\/p><\/li><li data-start=\"2237\" data-end=\"2269\"><p data-start=\"2239\" data-end=\"2269\">E-mail e WhatsApp do cliente<\/p><\/li><li data-start=\"2272\" data-end=\"2318\"><p data-start=\"2274\" data-end=\"2318\">Valor recebido j\u00e1 com a comiss\u00e3o subtra\u00edda<\/p><\/li><li data-start=\"2321\" data-end=\"2353\"><p data-start=\"2323\" data-end=\"2353\">Total acumulado at\u00e9 ao momento<\/p><\/li><\/ul><\/li><\/ul><\/div>\n\t\t\t\t<\/div>\n\t\t\t\t\t\t\t<div class=\"elementor-accordion-item\">\n\t\t\t\t\t<div id=\"elementor-tab-title-2205\" class=\"elementor-tab-title\" data-tab=\"5\" role=\"button\" aria-controls=\"elementor-tab-content-2205\" aria-expanded=\"false\">\n\t\t\t\t\t\t\t\t\t\t\t\t\t<span class=\"elementor-accordion-icon elementor-accordion-icon-right\" aria-hidden=\"true\">\n\t\t\t\t\t\t\t\t\t\t\t\t\t\t\t<span class=\"elementor-accordion-icon-closed\"><i class=\"fas fa-chevron-down\"><\/i><\/span>\n\t\t\t\t\t\t\t\t<span class=\"elementor-accordion-icon-opened\"><i class=\"fas fa-chevron-up\"><\/i><\/span>\n\t\t\t\t\t\t\t\t\t\t\t\t\t\t<\/span>\n\t\t\t\t\t\t\t\t\t\t\t\t<a class=\"elementor-accordion-title\" tabindex=\"0\">Autoria e Responsabilidade<\/a>\n\t\t\t\t\t<\/div>\n\t\t\t\t\t<div id=\"elementor-tab-content-2205\" class=\"elementor-tab-content elementor-clearfix\" data-tab=\"5\" role=\"region\" aria-labelledby=\"elementor-tab-title-2205\"><p>Todo eBook submetido deve ser de <strong data-start=\"2427\" data-end=\"2446\">autoria pr\u00f3pria<\/strong>.<br data-start=\"2447\" data-end=\"2450\" \/>Caso utilize conte\u00fado que perten\u00e7a a terceiros, <strong data-start=\"2498\" data-end=\"2569\">o autor assume total responsabilidade por qualquer implica\u00e7\u00e3o legal<\/strong>. A plataforma Educ\u00e1vel n\u00e3o se responsabiliza por material que infrinja direitos autorais.<\/p><\/div>\n\t\t\t\t<\/div>\n\t\t\t\t\t\t\t\t<\/div>\n\t\t\t\t\t\t<\/div>\n\t\t\t\t<\/div>\n\t\t\t\t\t<\/div>\n\t\t\t\t<\/div>\n\t\t\t\t<\/div>\n\t\t","protected":false},"excerpt":{"rendered":"<p>Infoprodutor Tudo que precisas saber para fazer parte da educ\u00e1vel como infoprodutor Conta Infoprodutor? Para criar conta infoprodutor \u00e9 muito simples basta entrar neste link https:\/\/educavel.com\/ebooks\/conta\/ preencher os teus dados depois escolher a op\u00e7\u00e3o Eu sou um infoprodutor depois clica em cadastrar. a tua conta automaticamente fica pronta pra come\u00e7ar a vender. Fazem reembolso? Se [&hellip;]<\/p>\n","protected":false},"author":1,"featured_media":0,"parent":0,"menu_order":0,"comment_status":"closed","ping_status":"closed","template":"","meta":{"_acf_changed":false,"footnotes":""},"class_list":["post-5439","page","type-page","status-publish","hentry"],"acf":[],"jetpack_sharing_enabled":true,"_links":{"self":[{"href":"https:\/\/educavel.com\/ebooks\/wp-json\/wp\/v2\/pages\/5439","targetHints":{"allow":["GET"]}}],"collection":[{"href":"https:\/\/educavel.com\/ebooks\/wp-json\/wp\/v2\/pages"}],"about":[{"href":"https:\/\/educavel.com\/ebooks\/wp-json\/wp\/v2\/types\/page"}],"author":[{"embeddable":true,"href":"https:\/\/educavel.com\/ebooks\/wp-json\/wp\/v2\/users\/1"}],"replies":[{"embeddable":true,"href":"https:\/\/educavel.com\/ebooks\/wp-json\/wp\/v2\/comments?post=5439"}],"version-history":[{"count":6,"href":"https:\/\/educavel.com\/ebooks\/wp-json\/wp\/v2\/pages\/5439\/revisions"}],"predecessor-version":[{"id":17809,"href":"https:\/\/educavel.com\/ebooks\/wp-json\/wp\/v2\/pages\/5439\/revisions\/17809"}],"wp:attachment":[{"href":"https:\/\/educavel.com\/ebooks\/wp-json\/wp\/v2\/media?parent=5439"}],"curies":[{"name":"wp","href":"https:\/\/api.w.org\/{rel}","templated":true}]}}