{"id":12984,"date":"2025-06-09T13:49:22","date_gmt":"2025-06-09T12:49:22","guid":{"rendered":"https:\/\/educavel.com\/?post_type=product&#038;p=12984"},"modified":"2025-11-16T20:07:07","modified_gmt":"2025-11-16T20:07:07","slug":"11-pilares-da-integridade","status":"publish","type":"product","link":"https:\/\/educavel.com\/ebooks\/produto\/11-pilares-da-integridade\/","title":{"rendered":"11 Pilares da Integridade"},"content":{"rendered":"<p>O cap\u00edtulo 31 de J\u00f3 \u00e9 um dos textos mais profundos sobre integridade na B\u00edblia. Neste trecho, J\u00f3 faz um discurso de defesa de sua pr\u00f3pria retid\u00e3o diante de Deus. Ele n\u00e3o apenas afirma ser um homem \u00edntegro, mas detalha exatamente como viveu essa integridade em diversas \u00e1reas de sua vida. Neste cap\u00edtulo, J\u00f3 menciona diferentes aspectos de seu car\u00e1ter e comportamento, os quais podemos dividir em 11 Pilares Fundamentais que sustentam uma vida reta diante de Deus. Ele fala sobre pureza no olhar, honestidade nos neg\u00f3cios, compaix\u00e3o pelo pr\u00f3ximo, fidelidade, justi\u00e7a e temor a Deus. A forma como ele estrutura suas palavras nos ensina que a integridade n\u00e3o \u00e9 apenas um conceito, mas uma pr\u00e1tica di\u00e1ria que se reflete em todas as \u00e1reas da vida. Cada um dos 11 Pilares que estudaremos neste livro \u00e9 extra\u00eddo diretamente desse cap\u00edtulo, transformando as palavras de J\u00f3 em princ\u00edpios pr\u00e1ticos para nossa caminhada crist\u00e3. Assim como ele defendeu sua integridade diante do Senhor, este livro te ajudar\u00e1 a refletir sobre sua pr\u00f3pria vida e a fortalecer os valores que te aproximam de Deus.<\/p>\n<p>O prop\u00f3sito deste livro \u00e9 apresentar os 11 Pilares da Integridade, extra\u00eddos do cap\u00edtulo 31 de J\u00f3, e mostrar como eles podem ser aplicados \u00e0 vida crist\u00e3 di\u00e1ria. Atrav\u00e9s deste estudo, voc\u00ea ser\u00e1 desafiado a:<\/p>\n<p>\ud83d\udccc Compreender o verdadeiro significado da integridade segundo a B\u00edblia.<\/p>\n<p>\ud83d\udccc Avaliar sua vida e identificar \u00e1reas onde precisa crescer nesse princ\u00edpio.<\/p>\n<p>\ud83d\udccc Aplicar, de forma pr\u00e1tica, os ensinamentos de J\u00f3 para fortalecer seu car\u00e1ter crist\u00e3o.<\/p>\n<p>\ud83d\udccc Fortalecer seu relacionamento com Deus atrav\u00e9s de uma vida reta e transparente.<\/p>\n<p>\ud83d\udccc Inspirar outras pessoas a viverem de maneira \u00edntegra, tornando-se um exemplo em sua comunidade.<\/p>\n<p>Este livro n\u00e3o \u00e9 apenas um estudo, mas um convite para que voc\u00ea se torne um reflexo da justi\u00e7a e santidade de Deus em sua caminhada di\u00e1ria. Que o Esp\u00edrito Santo ilumine sua mente e seu cora\u00e7\u00e3o enquanto voc\u00ea mergulha nesse conte\u00fado!<\/p>\n","protected":false},"excerpt":{"rendered":"<p>O prop\u00f3sito deste livro \u00e9 apresentar os 11 Pilares da Integridade, extra\u00eddos do cap\u00edtulo 31 de J\u00f3, e mostrar como eles podem ser aplicados \u00e0 vida crist\u00e3 di\u00e1ria.<\/p>\n","protected":false},"featured_media":17874,"comment_status":"open","ping_status":"closed","template":"","meta":{"_acf_changed":false},"product_brand":[],"product_cat":[107],"product_tag":[],"class_list":{"0":"post-12984","1":"product","2":"type-product","3":"status-publish","4":"has-post-thumbnail","6":"product_cat-ebooks","8":"first","9":"instock","10":"downloadable","11":"virtual","12":"sold-individually","13":"purchasable","14":"product-type-simple"},"acf":[],"jetpack_sharing_enabled":true,"_links":{"self":[{"href":"https:\/\/educavel.com\/ebooks\/wp-json\/wp\/v2\/product\/12984","targetHints":{"allow":["GET"]}}],"collection":[{"href":"https:\/\/educavel.com\/ebooks\/wp-json\/wp\/v2\/product"}],"about":[{"href":"https:\/\/educavel.com\/ebooks\/wp-json\/wp\/v2\/types\/product"}],"replies":[{"embeddable":true,"href":"https:\/\/educavel.com\/ebooks\/wp-json\/wp\/v2\/comments?post=12984"}],"wp:featuredmedia":[{"embeddable":true,"href":"https:\/\/educavel.com\/ebooks\/wp-json\/wp\/v2\/media\/17874"}],"wp:attachment":[{"href":"https:\/\/educavel.com\/ebooks\/wp-json\/wp\/v2\/media?parent=12984"}],"wp:term":[{"taxonomy":"product_brand","embeddable":true,"href":"https:\/\/educavel.com\/ebooks\/wp-json\/wp\/v2\/product_brand?post=12984"},{"taxonomy":"product_cat","embeddable":true,"href":"https:\/\/educavel.com\/ebooks\/wp-json\/wp\/v2\/product_cat?post=12984"},{"taxonomy":"product_tag","embeddable":true,"href":"https:\/\/educavel.com\/ebooks\/wp-json\/wp\/v2\/product_tag?post=12984"}],"curies":[{"name":"wp","href":"https:\/\/api.w.org\/{rel}","templated":true}]}}