{"id":15995,"date":"2025-08-29T19:10:38","date_gmt":"2025-08-29T18:10:38","guid":{"rendered":"https:\/\/educavel.com\/?post_type=product&#038;p=15995"},"modified":"2025-11-16T19:19:51","modified_gmt":"2025-11-16T19:19:51","slug":"publicacao-cientifica-descomplicada","status":"publish","type":"product","link":"https:\/\/educavel.com\/ebooks\/produto\/publicacao-cientifica-descomplicada\/","title":{"rendered":"Publica\u00e7\u00e3o Cient\u00edfica DESCOMPLICADA"},"content":{"rendered":"<p>\ud83d\udcd8 Publica\u00e7\u00e3o Cient\u00edfica Descomplicada: Como Publicar o Seu Primeiro Artigo com Sucesso Publicar um artigo cient\u00edfico n\u00e3o precisa ser um desafio intranspon\u00edvel. Neste eBook pr\u00e1tico e direto, Assuc\u00eanio Chissaque \u00a0com mais de 30 artigos publicados e uma d\u00e9cada de experi\u00eancia em investiga\u00e7\u00e3o \u2014 partilha, passo a passo, tudo o que gostaria de ter aprendido no in\u00edcio da sua trajet\u00f3ria acad\u00e9mica.<\/p>\n<p>Se \u00e9s estudante, jovem investigador, profissional de sa\u00fade ou algu\u00e9m que deseja impulsionar a sua carreira ao transformar a monografia, disserta\u00e7\u00e3o ou ideia de pesquisa num artigo cient\u00edfico de impacto, este livro \u00e9 para ti! \ud83d\udca1 Destaques do eBook: Linguagem simples, acess\u00edvel e motivadora Exemplos reais e experi\u00eancias pessoais do autor Tabelas, checklists e planos semanais para organiza\u00e7\u00e3o Ferramentas e plataformas recomendadas (Mendeley, ResearchGate, Scopus, etc.) Ideal para estudantes de gradua\u00e7\u00e3o, mestrado e doutoramento, assim como jovens profissionais em in\u00edcio de carreira cient\u00edfica \ud83c\udfaf Por que este eBook \u00e9 diferente? Ao contr\u00e1rio de manuais t\u00e9cnicos, este livro parte da realidade de quem come\u00e7ou sem saber nada e foi aprendendo com a pr\u00e1tica. O objetivo \u00e9 mostrar que publicar \u00e9 poss\u00edvel, mesmo sem grandes recursos, laborat\u00f3rios ou orientadores famosos basta ter m\u00e9todo, estrat\u00e9gia e orienta\u00e7\u00e3o certa.<\/p>\n","protected":false},"excerpt":{"rendered":"<p>Um guia pr\u00e1tico para transformar monografias, disserta\u00e7\u00f5es, teses e pesquisas em artigos cient\u00edficos public\u00e1veis, com estrat\u00e9gias simples e experi\u00eancia comprovada. Com linguagem acess\u00edvel e exemplos pr\u00e1ticos, vais aprender a escolher o tema, estruturar o artigo, evitar erros comuns e submeter com sucesso. Ideal para estudantes, investigadores iniciantes e profissionais de diferentes \u00e1reas.<\/p>\n","protected":false},"featured_media":17862,"comment_status":"open","ping_status":"closed","template":"","meta":{"_acf_changed":false},"product_brand":[],"product_cat":[107],"product_tag":[],"class_list":{"0":"post-15995","1":"product","2":"type-product","3":"status-publish","4":"has-post-thumbnail","6":"product_cat-ebooks","8":"first","9":"instock","10":"downloadable","11":"virtual","12":"taxable","13":"purchasable","14":"product-type-simple"},"acf":[],"jetpack_sharing_enabled":true,"_links":{"self":[{"href":"https:\/\/educavel.com\/ebooks\/wp-json\/wp\/v2\/product\/15995","targetHints":{"allow":["GET"]}}],"collection":[{"href":"https:\/\/educavel.com\/ebooks\/wp-json\/wp\/v2\/product"}],"about":[{"href":"https:\/\/educavel.com\/ebooks\/wp-json\/wp\/v2\/types\/product"}],"replies":[{"embeddable":true,"href":"https:\/\/educavel.com\/ebooks\/wp-json\/wp\/v2\/comments?post=15995"}],"wp:featuredmedia":[{"embeddable":true,"href":"https:\/\/educavel.com\/ebooks\/wp-json\/wp\/v2\/media\/17862"}],"wp:attachment":[{"href":"https:\/\/educavel.com\/ebooks\/wp-json\/wp\/v2\/media?parent=15995"}],"wp:term":[{"taxonomy":"product_brand","embeddable":true,"href":"https:\/\/educavel.com\/ebooks\/wp-json\/wp\/v2\/product_brand?post=15995"},{"taxonomy":"product_cat","embeddable":true,"href":"https:\/\/educavel.com\/ebooks\/wp-json\/wp\/v2\/product_cat?post=15995"},{"taxonomy":"product_tag","embeddable":true,"href":"https:\/\/educavel.com\/ebooks\/wp-json\/wp\/v2\/product_tag?post=15995"}],"curies":[{"name":"wp","href":"https:\/\/api.w.org\/{rel}","templated":true}]}}