{"id":16086,"date":"2025-09-11T19:37:21","date_gmt":"2025-09-11T18:37:21","guid":{"rendered":"https:\/\/educavel.com\/?post_type=product&#038;p=16086"},"modified":"2025-11-16T19:09:20","modified_gmt":"2025-11-16T19:09:20","slug":"do-esforco-ao-conforto-o-guia-definitivo-para-transformar-a-tua-vida-financeira","status":"publish","type":"product","link":"https:\/\/educavel.com\/ebooks\/produto\/do-esforco-ao-conforto-o-guia-definitivo-para-transformar-a-tua-vida-financeira\/","title":{"rendered":"Do Esfor\u00e7o ao Conforto &#8211; O Guia Definitivo para Transformar a Tua Vida Financeira"},"content":{"rendered":"<p>Do Esfor\u00e7o ao Conforto \u00e9 mais do que um simples eBook; \u00e9 um guia completo para quem deseja transformar sua rela\u00e7\u00e3o com o dinheiro. Escrito de forma clara e acess\u00edvel, aborda desde a organiza\u00e7\u00e3o financeira, controle de gastos e elimina\u00e7\u00e3o de d\u00edvidas at\u00e9 os primeiros passos no investimento e cria\u00e7\u00e3o de m\u00faltiplas fontes de renda. Al\u00e9m de dicas pr\u00e1ticas, o livro trabalha a mudan\u00e7a de mentalidade, desmistificando cren\u00e7as limitantes e mostrando que qualquer pessoa pode conquistar estabilidade e liberdade financeira. Se o teu objetivo \u00e9 sair do ciclo de dificuldades e construir uma vida mais confort\u00e1vel, este guia \u00e9 para ti.<\/p>\n","protected":false},"excerpt":{"rendered":"<p>Um guia pr\u00e1tico e transformador que ensina a organizar finan\u00e7as, eliminar d\u00edvidas, investir e criar m\u00faltiplas fontes de renda para alcan\u00e7ar a liberdade financeira<\/p>\n","protected":false},"featured_media":17856,"comment_status":"open","ping_status":"closed","template":"","meta":{"_acf_changed":false},"product_brand":[],"product_cat":[107],"product_tag":[],"class_list":{"0":"post-16086","1":"product","2":"type-product","3":"status-publish","4":"has-post-thumbnail","6":"product_cat-ebooks","8":"first","9":"instock","10":"downloadable","11":"virtual","12":"sold-individually","13":"taxable","14":"purchasable","15":"product-type-simple"},"acf":[],"jetpack_sharing_enabled":true,"_links":{"self":[{"href":"https:\/\/educavel.com\/ebooks\/wp-json\/wp\/v2\/product\/16086","targetHints":{"allow":["GET"]}}],"collection":[{"href":"https:\/\/educavel.com\/ebooks\/wp-json\/wp\/v2\/product"}],"about":[{"href":"https:\/\/educavel.com\/ebooks\/wp-json\/wp\/v2\/types\/product"}],"replies":[{"embeddable":true,"href":"https:\/\/educavel.com\/ebooks\/wp-json\/wp\/v2\/comments?post=16086"}],"wp:featuredmedia":[{"embeddable":true,"href":"https:\/\/educavel.com\/ebooks\/wp-json\/wp\/v2\/media\/17856"}],"wp:attachment":[{"href":"https:\/\/educavel.com\/ebooks\/wp-json\/wp\/v2\/media?parent=16086"}],"wp:term":[{"taxonomy":"product_brand","embeddable":true,"href":"https:\/\/educavel.com\/ebooks\/wp-json\/wp\/v2\/product_brand?post=16086"},{"taxonomy":"product_cat","embeddable":true,"href":"https:\/\/educavel.com\/ebooks\/wp-json\/wp\/v2\/product_cat?post=16086"},{"taxonomy":"product_tag","embeddable":true,"href":"https:\/\/educavel.com\/ebooks\/wp-json\/wp\/v2\/product_tag?post=16086"}],"curies":[{"name":"wp","href":"https:\/\/api.w.org\/{rel}","templated":true}]}}