{"id":16911,"date":"2025-10-10T13:10:25","date_gmt":"2025-10-10T12:10:25","guid":{"rendered":"https:\/\/educavel.com\/?post_type=product&#038;p=16911"},"modified":"2025-11-16T19:06:22","modified_gmt":"2025-11-16T19:06:22","slug":"comece-do-zero","status":"publish","type":"product","link":"https:\/\/educavel.com\/ebooks\/produto\/comece-do-zero\/","title":{"rendered":"Comece do Zero"},"content":{"rendered":"<p>Pare de viver no modo sobreviv\u00eancia!<\/p>\n<p>O seu sal\u00e1rio nunca chega ao fim do m\u00eas? O dinheiro some e voc\u00ea sente-se preso em d\u00edvidas sem controlo do futuro?<\/p>\n<p>Este eBook \u00e9 a chave para virar o jogo. O educador financeiro Adriano Maluquire apresenta um plano pr\u00e1tico, simples e testado para organizar as finan\u00e7as, sair das d\u00edvidas e come\u00e7ar a construir um futuro s\u00f3lido mesmo com renda limitada.<\/p>\n<p>\ud83d\udccc Com este guia, voc\u00ea vai:<\/p>\n<p>\u2022 Assumir o controlo do seu dinheiro e acabar com o stress financeiro;<\/p>\n<p>\u2022 Dominar o or\u00e7amento e garantir sempre as despesas essenciais;<\/p>\n<p>\u2022 Dizer adeus \u00e0s d\u00edvidas e libertar-se dos agiotas;<\/p>\n<p>Poupar automaticamente, mesmo com pouco, usando h\u00e1bitos simples como o xitique;<\/p>\n<p>\u2022 Construir uma reserva de emerg\u00eancia e preparar-se para crescer sem medo.<\/p>\n<p>\ud83d\udca1 N\u00e3o \u00e9 quanto voc\u00ea ganha que muda a sua vida, mas como gere o que tem nas m\u00e3os.<\/p>\n<p>N\u00e3o adie a sua tranquilidade comece do zero e conquiste a sua liberdade econ\u00f3mica hoje!<\/p>\n","protected":false},"excerpt":{"rendered":"<p>Transforme sua vida financeira! Este guia pr\u00e1tico mostra como organizar o or\u00e7amento, sair das d\u00edvidas, poupar mesmo ganhando pouco e conquistar liberdade econ\u00f3mica.<\/p>\n","protected":false},"featured_media":17852,"comment_status":"open","ping_status":"closed","template":"","meta":{"_acf_changed":false},"product_brand":[],"product_cat":[107],"product_tag":[],"class_list":{"0":"post-16911","1":"product","2":"type-product","3":"status-publish","4":"has-post-thumbnail","6":"product_cat-ebooks","8":"first","9":"instock","10":"downloadable","11":"virtual","12":"taxable","13":"purchasable","14":"product-type-simple"},"acf":[],"jetpack_sharing_enabled":true,"_links":{"self":[{"href":"https:\/\/educavel.com\/ebooks\/wp-json\/wp\/v2\/product\/16911","targetHints":{"allow":["GET"]}}],"collection":[{"href":"https:\/\/educavel.com\/ebooks\/wp-json\/wp\/v2\/product"}],"about":[{"href":"https:\/\/educavel.com\/ebooks\/wp-json\/wp\/v2\/types\/product"}],"replies":[{"embeddable":true,"href":"https:\/\/educavel.com\/ebooks\/wp-json\/wp\/v2\/comments?post=16911"}],"wp:featuredmedia":[{"embeddable":true,"href":"https:\/\/educavel.com\/ebooks\/wp-json\/wp\/v2\/media\/17852"}],"wp:attachment":[{"href":"https:\/\/educavel.com\/ebooks\/wp-json\/wp\/v2\/media?parent=16911"}],"wp:term":[{"taxonomy":"product_brand","embeddable":true,"href":"https:\/\/educavel.com\/ebooks\/wp-json\/wp\/v2\/product_brand?post=16911"},{"taxonomy":"product_cat","embeddable":true,"href":"https:\/\/educavel.com\/ebooks\/wp-json\/wp\/v2\/product_cat?post=16911"},{"taxonomy":"product_tag","embeddable":true,"href":"https:\/\/educavel.com\/ebooks\/wp-json\/wp\/v2\/product_tag?post=16911"}],"curies":[{"name":"wp","href":"https:\/\/api.w.org\/{rel}","templated":true}]}}