{"id":18107,"date":"2025-12-18T14:33:23","date_gmt":"2025-12-18T12:33:23","guid":{"rendered":"https:\/\/educavel.com\/ebooks\/?post_type=product&#038;p=18107"},"modified":"2025-12-26T14:11:26","modified_gmt":"2025-12-26T12:11:26","slug":"de-candidato-a-funcionario","status":"publish","type":"product","link":"https:\/\/educavel.com\/ebooks\/produto\/de-candidato-a-funcionario\/","title":{"rendered":"De Candidato a Funcion\u00e1rio"},"content":{"rendered":"","protected":false},"excerpt":{"rendered":"<p>Candidatos melhor preparados t\u00eam maiores chances de sucesso numa entrevista comparado a candidatos com as habilidades certas.<\/p>\n<p>Este E-book \u00e9 um guia completo que foi preparado por Marlena Chambule, fruto dos seus 15 anos de experi\u00eancia em processos selectivos, e d\u00e1-te a possibilidade de aumentar at\u00e9 60% as tuas chances de conseguir a oportunidade de emprego.<\/p>\n","protected":false},"featured_media":18120,"comment_status":"open","ping_status":"closed","template":"","meta":{"_acf_changed":false},"product_brand":[],"product_cat":[19],"product_tag":[38,99],"class_list":{"0":"post-18107","1":"product","2":"type-product","3":"status-publish","4":"has-post-thumbnail","6":"product_cat-ebook","7":"product_tag-books","8":"product_tag-mercadodetrabalho","10":"first","11":"instock","12":"downloadable","13":"virtual","14":"purchasable","15":"product-type-simple"},"acf":[],"jetpack_sharing_enabled":true,"_links":{"self":[{"href":"https:\/\/educavel.com\/ebooks\/wp-json\/wp\/v2\/product\/18107","targetHints":{"allow":["GET"]}}],"collection":[{"href":"https:\/\/educavel.com\/ebooks\/wp-json\/wp\/v2\/product"}],"about":[{"href":"https:\/\/educavel.com\/ebooks\/wp-json\/wp\/v2\/types\/product"}],"replies":[{"embeddable":true,"href":"https:\/\/educavel.com\/ebooks\/wp-json\/wp\/v2\/comments?post=18107"}],"wp:featuredmedia":[{"embeddable":true,"href":"https:\/\/educavel.com\/ebooks\/wp-json\/wp\/v2\/media\/18120"}],"wp:attachment":[{"href":"https:\/\/educavel.com\/ebooks\/wp-json\/wp\/v2\/media?parent=18107"}],"wp:term":[{"taxonomy":"product_brand","embeddable":true,"href":"https:\/\/educavel.com\/ebooks\/wp-json\/wp\/v2\/product_brand?post=18107"},{"taxonomy":"product_cat","embeddable":true,"href":"https:\/\/educavel.com\/ebooks\/wp-json\/wp\/v2\/product_cat?post=18107"},{"taxonomy":"product_tag","embeddable":true,"href":"https:\/\/educavel.com\/ebooks\/wp-json\/wp\/v2\/product_tag?post=18107"}],"curies":[{"name":"wp","href":"https:\/\/api.w.org\/{rel}","templated":true}]}}