{"id":18153,"date":"2026-01-03T11:03:55","date_gmt":"2026-01-03T09:03:55","guid":{"rendered":"https:\/\/educavel.com\/ebooks\/?post_type=product&#038;p=18153"},"modified":"2026-01-13T20:35:02","modified_gmt":"2026-01-13T18:35:02","slug":"cozinha-mocambicana","status":"publish","type":"product","link":"https:\/\/educavel.com\/ebooks\/produto\/cozinha-mocambicana\/","title":{"rendered":"Cozinha Mocambicana"},"content":{"rendered":"","protected":false},"excerpt":{"rendered":"<p>Livro de receitas Cozinha Mo\u00e7ambicana \u00e9 uma cole\u00e7\u00e3o cuidadosamente<br \/>\nselecionada de pratos aut\u00eanticos da culin\u00e1ria mo\u00e7ambicana. Com 50<br \/>\nreceitas, os leitores ter\u00e3o a oportunidade de explorar uma variedade de<br \/>\nsabores, desde pratos principais a petiscos, sobremesas e<br \/>\nacompanhamentos.<br \/>\nCada receita \u00e9 apresentada com instru\u00e7\u00f5es detalhadas, permitindo que<br \/>\ntodos, desde iniciantes at\u00e9 chefs experientes, preparem e apreciem os<br \/>\nsabores \u00fanicos de Mo\u00e7ambique em suas pr\u00f3prias cozinhas. Essas receitas<br \/>\noferecem uma verdadeira experi\u00eancia gastron\u00f4mica, celebrando a<br \/>\ndiversidade cultural e os ingredientes frescos que tornam a culin\u00e1ria<br \/>\nmo\u00e7ambicana t\u00e3o cativante<\/p>\n","protected":false},"featured_media":18154,"comment_status":"open","ping_status":"closed","template":"","meta":{"_acf_changed":false},"product_brand":[],"product_cat":[15],"product_tag":[],"class_list":{"0":"post-18153","1":"product","2":"type-product","3":"status-publish","4":"has-post-thumbnail","6":"product_cat-sem-categoria","8":"first","9":"instock","10":"downloadable","11":"taxable","12":"shipping-taxable","13":"purchasable","14":"product-type-simple"},"acf":[],"jetpack_sharing_enabled":true,"_links":{"self":[{"href":"https:\/\/educavel.com\/ebooks\/wp-json\/wp\/v2\/product\/18153","targetHints":{"allow":["GET"]}}],"collection":[{"href":"https:\/\/educavel.com\/ebooks\/wp-json\/wp\/v2\/product"}],"about":[{"href":"https:\/\/educavel.com\/ebooks\/wp-json\/wp\/v2\/types\/product"}],"replies":[{"embeddable":true,"href":"https:\/\/educavel.com\/ebooks\/wp-json\/wp\/v2\/comments?post=18153"}],"wp:featuredmedia":[{"embeddable":true,"href":"https:\/\/educavel.com\/ebooks\/wp-json\/wp\/v2\/media\/18154"}],"wp:attachment":[{"href":"https:\/\/educavel.com\/ebooks\/wp-json\/wp\/v2\/media?parent=18153"}],"wp:term":[{"taxonomy":"product_brand","embeddable":true,"href":"https:\/\/educavel.com\/ebooks\/wp-json\/wp\/v2\/product_brand?post=18153"},{"taxonomy":"product_cat","embeddable":true,"href":"https:\/\/educavel.com\/ebooks\/wp-json\/wp\/v2\/product_cat?post=18153"},{"taxonomy":"product_tag","embeddable":true,"href":"https:\/\/educavel.com\/ebooks\/wp-json\/wp\/v2\/product_tag?post=18153"}],"curies":[{"name":"wp","href":"https:\/\/api.w.org\/{rel}","templated":true}]}}